 = -t**3 + 2*t**2 + 3*t + 3. Let d be m(3). Suppose 2*s - d = -3*p - 13, 0 = 5*s + p + 25. Let n(x) = -x**3 - 3*x**2 + 3*x + 2. Is n(s) composite?
False
Let d be -17 - ((-1)/1)/1. Is (-1608)/d*(-2)/(-3) a prime number?
True
Let x = 24 + -419. Is (-4 - -2)*x/10 prime?
True
Let g(u) = -5*u. Suppose h = -0*h - 7. Is g(h) a prime number?
False
Let h = 558 - 240. Suppose -2*j = -2*u - h, j + 4*u - 84 - 65 = 0. Is j a prime number?
True
Let r = -1397 - -1984. Is r a prime number?
True
Let c be (-413)/(-3) - 44/(-33). Suppose 5*n = -2*s + 19 + c, -4*s + 4*n = -316. Is s composite?
False
Suppose 3*s - 20 = -s. Let t be (-5 - -4)/(-1 - -2). Is t/s + 892/10 a composite number?
False
Let b(u) = -u**2 - 7*u - 4. Let l be b(-5). Suppose -2*a + l*x = 2*x - 118, -a + 59 = -5*x. Is a prime?
True
Suppose -1 = -2*o + 3. Suppose o*v - 99 = 139. Is v prime?
False
Is (-3*1 + (-1076)/(-8))*2 a prime number?
True
Let f = 298 - 162. Suppose 0*p = 4*p + f. Let n = p + 49. Is n a composite number?
True
Suppose 4*u - 4 = -4*k, k + 2*u - 7*u = -11. Let t(n) = -4*n + 1. Let p be t(k). Suppose -20 = 3*y - p*y. Is y a prime number?
False
Let h(t) = 4*t**3 + 3*t**2 - 2*t. Suppose 0*y = 2*y - 6. Is h(y) prime?
False
Suppose 2*h + 3*h = 25. Suppose 0 = 3*c - h*c + 68. Is c a composite number?
True
Let i(n) = n**2 + 5*n. Let d be -3 - -1 - 1*-4. Suppose -d*w - 9 = 3. Is i(w) prime?
False
Let u = -1579 - -3190. Suppose -3*f + q + 4*q = 18, q - 2 = -f. Is f/2 + u/18 a prime number?
True
Suppose -3*f + 0*s - 7 = 2*s, -12 = 4*f + 4*s. Is -5*(-7)/((-1)/f) prime?
False
Is 2/12 + 5 + 306845/42 prime?
False
Let i(p) = 15*p - 10. Let j(x) = -1. Let n(t) = i(t) - 2*j(t). Is n(9) a composite number?
False
Let c be 2 + (-1 - 1) - -3. Suppose 5*o - 102 - 4 = -c*t, -2*t + 4*o = -78. Is t a composite number?
False
Let f(i) = -12*i + 7. Let n = -47 - -20. Let t = n + 18. Is f(t) composite?
True
Let o = -11 + 3. Let r(b) = b**3 + 9*b**2 - 13*b - 9. Is r(o) prime?
False
Let t(f) = -f**2 + 6*f + 9. Let z be t(7). Suppose 0*s - 137 = -c - s, s = -z*c + 270. Is c composite?
True
Let r = 14 - 10. Suppose -7 = -v - r. Is v a prime number?
True
Let p(o) = 4*o**2 - 9*o + 7. Is p(6) prime?
True
Suppose 5*x + 15 = 5*j, -3*j + 5*x + 7 = -6*j. Is -4 + (47 - (-3)/j) composite?
True
Let g = 2 + 0. Let z = g - 2. Suppose z*n = 3*n - 99. Is n a composite number?
True
Let v(i) = -i + 1. Let t be v(-4). Suppose -915 = -t*d + 2*d. Is d composite?
True
Suppose -z + 5*g = 161, 4*g = -z - 3*z - 692. Let n = 240 + z. Is n a prime number?
False
Let r = 79 + -10. Is r a prime number?
False
Let i be -1 - (-1)/(3 + -4). Is i/(-3) + 165/9 prime?
True
Let y be (-6)/8*(-247 + 3). Suppose -193 = -s + v, -s + 0*v + y = 4*v. Is s a prime number?
True
Suppose -2*g + 3 = 21. Is (1 - g)/(2/5) a prime number?
False
Let p = 111 + -20. Is p a composite number?
True
Suppose -5*a = -4*v + 701, -4*v + 5*v - 174 = a. Suppose 3*z + 2*b = v, 4*z - 88 = -b + 129. Is z a prime number?
True
Let m(l) = -l**2 - 4*l - 1. Let r be m(-5). Suppose 0 = -4*q - 24 - 64. Is q*(-9)/r*-1 prime?
False
Suppose 2*t - 14 = -3*q, -5*q - 2*t = -0*t - 22. Suppose -b + 115 = q*b. Is b a prime number?
True
Let h(w) = -48*w + 11. Let c be h(-7). Let q = -216 + c. Is q a composite number?
False
Suppose -2*l + 16 = 2*b, -2*l - b = 4*b - 28. Suppose 0 = -l*y + 531 + 121. Is y prime?
True
Suppose 5*n - 12 = 3*n - 2*z, 5*n + 4*z - 30 = 0. Let i be (n/7)/((-4)/(-28)). Suppose r = -2*b + i*r + 131, 2*b - r = 111. Is b a composite number?
False
Let b(j) = 1 - j + 2*j**2 - 3*j + 6 + 6*j. Is b(5) a composite number?
False
Suppose 3*h - 105 = 2*h. Suppose -q + 0*b + h = b, -q + 109 = 3*b. Is q prime?
True
Let h = 7 - 4. Suppose h*m + 2*m = 20. Suppose 9*u - 265 = m*u. Is u a prime number?
True
Let i(m) = 90*m - 1. Let l be i(-3). Let n = -131 - l. Suppose 4*k - 4*x = n, 12 - 47 = -k + 5*x. Is k a composite number?
True
Let n(m) = -192*m. Let d be n(1). Let s = -89 - d. Is s a composite number?
False
Suppose -3*w + 3*s = -4*w + 51, -2*s + 51 = w. Suppose 0 = -3*b - 3, b - 111 = -2*j + 52. Suppose -j = -p + w. Is p prime?
False
Suppose -4*v = -3*v - 3. Suppose -3*x - 2*s - 175 = 427, -v*x - 574 = -5*s. Let c = 359 + x. Is c prime?
False
Let n = 13 - 8. Suppose -x - n = 5. Is (-77)/(-5) - (-4)/x a prime number?
False
Let o = 440 - 239. Is o prime?
False
Let r(t) be the third derivative of -t**6/60 - t**5/15 + t**3/6 + 2*t**2. Is r(-4) composite?
True
Let x(o) = 1115*o**2 - o + 1. Is x(1) prime?
False
Suppose 5*l + 4*m = 2*m - 565, -l - 131 = 4*m. Is l/6*(-8)/4 a prime number?
True
Suppose 5 = -4*q - 7. Let i = q - -5. Is i prime?
True
Let f be 6/9*2445/10. Suppose 6 = -v + f. Is v a prime number?
True
Let l(a) = -a**2 - 5*a + 2. Let b be l(-5). Suppose 53 = b*j - 33. Is j a composite number?
False
Suppose 3*t - 7*t = -x + 361, 4*t = 3*x - 1107. Is x a prime number?
True
Suppose -5*l + 1315 = -5*v, -5*l + 1310 = -0*v - 4*v. Suppose 117 = 3*g + d, 2*d = -4*g + 62 + 92. Suppose -l = -2*t - g. Is t prime?
True
Suppose 5*t = 729 + 1006. Is t a prime number?
True
Let q(i) = -3*i**3 - 2*i**2 + 2*i + 2. Is q(-3) a composite number?
False
Let s be 8 + 0 + 0/(-7). Is (-4)/s - (-510)/4 a composite number?
False
Suppose -30 = -2*s + 2. Let p = s + 36. Suppose -27 = -i - l - l, -3*l + p = 2*i. Is i prime?
True
Let l = -8 + 8. Let p be 0 + (-9)/(-3) + -1. Let n = l + p. Is n composite?
False
Suppose -2*b + 16 = 2*b. Suppose 0*y - 172 = -b*y. Is y a composite number?
False
Suppose -2*n + 0*n + u + 4 = 0, -3*u - 4 = -2*n. Let l(b) = 33*b**2 - 2*b - 1. Is l(n) a prime number?
True
Let m = 7 - 12. Let c = -2 - m. Suppose 0 = 5*z - c*z - 78. Is z composite?
True
Let f be 1/(-2) - (-1071)/6. Let i be 2/(-5) - (-312)/5. Suppose v - f = -2*v + 4*w, -i = -v + 4*w. Is v a prime number?
False
Let i = -30 - -61. Is i a prime number?
True
Let l be -50*(4/5)/(-2). Suppose 3*f - 8 = f. Suppose f*q - l = -q. Is q a composite number?
True
Suppose 2*c = -0*c + 12. Let f be (c/(-4))/((-2)/100). Suppose 3*g + 7*h - 4*h = 90, 2*g = 3*h + f. Is g a prime number?
False
Let g = 195 + -114. Let b = -113 - g. Is ((-14)/7)/(4/b) prime?
True
Suppose -5*u = -0*u - 20. Suppose m = u*m. Suppose 2*b + 2*b - 60 = m. Is b prime?
False
Let s = -542 + 1189. Is s prime?
True
Is 5 + (-5 - -9 - -1000) composite?
False
Let g(h) be the third derivative of -h**5/60 + 5*h**4/24 - 2*h**2. Let z be g(-5). Is (z/(-6))/((-2)/(-6)) a prime number?
False
Suppose 2*f = -2*f - 28. Let o = f - -12. Suppose -2*m = -7 - o. Is m prime?
False
Suppose 5*a + 1 = 4*s, 3*a = 2*s + 2 - 1. Suppose -l + 420 = 2*c + l, -s*c + 849 = -5*l. Is c a prime number?
True
Let q(x) = -2*x - 4. Let s be q(-3). Suppose -2*v - s*v + 841 = -h, v - 217 = -2*h. Is v prime?
True
Is (-6)/(-10)*1502 - 4/20 composite?
True
Suppose 0 = 4*v + 8, 4*d - 5*v - 11903 - 3715 = 0. Is d composite?
True
Suppose -5*w = -0*w - 20. Suppose -w*h - 327 = -u - 4*u, -u - 5*h + 77 = 0. Is u composite?
False
Suppose 187 = 5*k - 388. Let j = k - 62. Is j a prime number?
True
Let q(i) = -99*i**3 - 4. Let t(x) = -296*x**3 - 11. Let j(k) = 8*q(k) - 3*t(k). Let p = 3 - 2. Is j(p) a composite number?
False
Let g(m) = -m**2 + 8*m + 2. Let o(j) = -j**2 + 7*j + 2. Let y(f) = 3*g(f) - 4*o(f). Let z be y(-3). Suppose 64 + z = k. Is k a prime number?
True
Let g(y) = y + 10. Let l be g(-10). Let p(t) = -1 - 2*t**2 + 6*t + l + t**2. Is p(4) composite?
False
Suppose 0 = -3*r + 19 + 23. Suppose -24 = -2*f + r. Is f prime?
True
Suppose 3*b + 3 - 27 = 0. Suppose 127 = 9*v - b*v. Is v prime?
True
Let d be 24/(-6)*(-9)/12. Suppose 2*t + 0*t - 250 = 0. Suppose d*r - 208 = t. Is r a prime number?
False
Suppose -4*r + 14 + 2 = 0. Suppose 0 = 3*i - r - 2. Is (-47)/(0 - (i - 1)) composite?
False
Suppose -4*u - 2206 = u + 4*z, -2*z = -u - 444. Let w = -231 - u. Suppose -4*c = l - w, 0*c + 2*c = 2*l + 108. Is c a prime number?
True
Suppose -8*d + 11*d = 0. Suppose d = -5*b + b + 56. Is b composite?
True
Let i = 1152 + -569. Is i composite?
True
Let s(g) = -3*g**2 - 11*g - 15. Let i(k) = k**2 + 5*k + 7. Let f(d) = 5*i(d) + 2*s(d). Let j be f(4). Is (j - 0) + (-2)/(-1) a prime number?
True
Let n = 3 + -3. Suppose n*c = c - 127. Is c a prime number?
True
Is (2/2)/((8/502)/4) a composite number?
False
Let j = 150 - 9